*o + 16 = -t*o. What is the units digit of o?
8
Let o(l) = -l**2 + l + 2. Let r be o(0). Suppose -r*j = -6 - 4. Suppose -j*q + q = -72. What is the units digit of q?
8
Let u be 1 - (-6)/(-3) - -31. Let o = u - 7. What is the tens digit of o?
2
Let r(i) = -i**3 + 6*i**2 - 8*i + 3. Let z be r(5). Let w = 4 - z. Suppose -4*s - 5*l = -w, 2*s = 5*s + 2*l - 12. What is the units digit of s?
4
Let y be (-1 + (2 - -5))/2. Suppose 4*z = 3*r + y*z - 13, -z + 8 = 4*r. What is the units digit of r?
3
Let s(g) = 8*g - 4. Let b be s(6). Let w = b - 18. What is the units digit of w?
6
What is the tens digit of 261/6*(1*-18)/(-3)?
6
Let t(p) = 2*p**3 - 2*p**2 - 2. Let v be t(2). Suppose -g + 3*y + v = 3, -6 = -2*g + 5*y. What is the units digit of g?
3
Suppose -5*q + 51 = 16. Suppose 0 = 5*d - 3 - q. What is the units digit of d?
2
Let j = -5 + 2. What is the units digit of -18*((-7)/j + -3)?
2
Suppose 2*d - 3*c - 1 = 0, d - 3 = -c - 0. Suppose -2*j - 3 - 5 = -d*v, 4*v = -3*j + 37. Suppose -2*f - 20 = -v*f. What is the units digit of f?
4
Let n(l) be the third derivative of l**4/4 + l**3 - l**2. What is the tens digit of n(3)?
2
Let l = -4 + -1. Let w = l - -10. What is the units digit of w?
5
Suppose -4*i + 2*v + 74 = 0, v = -5*i - 10 + 85. What is the units digit of i?
6
Suppose 0 = -5*v - 5*y + 535, -5*y + 3*y + 10 = 0. What is the units digit of v?
2
Let z(x) be the first derivative of 1/2*x**2 + 2*x - 1. What is the units digit of z(-1)?
1
Suppose 29 + 10 = c + 5*t, -2*t - 87 = -5*c. Let z = -2 + c. Suppose 3*u = z + 16. What is the tens digit of u?
1
Let g = 25 + 79. Suppose 0 = -3*a + g - 11. What is the units digit of a?
1
Let h(x) = -x**2 + 31*x + 20. What is the hundreds digit of h(19)?
2
Let x be (-5 - (-3 + 1)) + 0. Let w = 0 - x. What is the units digit of 0 + (42/w)/2?
7
Let b(a) = a**2 - 10*a - 4. Let h be b(10). What is the tens digit of 10/h*84/(-15)?
1
Let j be 2*(-5)/(5/4). Let v = j - -12. What is the units digit of v?
4
Let u(t) = t - 9. Let i be u(6). Let b(c) = -c - 3. Let y be b(i). Suppose o + y*o - 13 = 0. What is the units digit of o?
3
Let x = 43 + -23. What is the units digit of 4/10 - (-72)/x?
4
Suppose w - 3*k - 3 - 2 = 0, 1 = -w - 3*k. Let d be 2 + (-1 - (w - 3)). What is the units digit of (-6)/((-3)/(-2) - d)?
2
Let o(a) be the first derivative of -a**4 - a**3/3 - a**2/2 - a - 2. Suppose -2*h = -0 + 2. What is the units digit of o(h)?
3
Suppose 0 = -3*b + 2*b + 2. Suppose -b*t + t = -2. Let a = t + 3. What is the units digit of a?
5
Let m(i) = -4*i - 9. Let o(z) = 3*z + 9. Let w(v) = 5*m(v) + 6*o(v). Let b be w(10). Let f = b - -17. What is the units digit of f?
6
Suppose 6*w - w = 5. What is the units digit of (3 - -19 - -1)*w?
3
Let x = 25 + -18. What is the units digit of x?
7
Suppose 3*w = -12, -5*k + 92 = -0*w - 3*w. Suppose 3*l + 5*s + 17 = -12, 4*l = -3*s - 24. Let t = k + l. What is the tens digit of t?
1
Suppose 3*f - 12 = -f. Suppose -x = 2*o - 44, x + f*x = -16. What is the tens digit of o?
2
Let a(u) = u**3 - 9*u**2 - 11*u + 12. Let p be a(10). Suppose p = 3*k - 1. What is the units digit of k?
1
Suppose -2*m + m + 39 = 0. Suppose -m = -4*q + 25. What is the tens digit of q?
1
Let m(w) = w**3 + 6*w**2 + 2*w - 6. Let k be (0 - -15)*(-6)/9. Let f = k + 5. What is the units digit of m(f)?
9
Suppose 0 = 5*n - 3*x + x - 6, n - 3*x - 9 = 0. Let w(s) = -2 + s**2 - 7*s + n*s + s. What is the units digit of w(8)?
4
Suppose -2*i + 3*i - 2 = 0. Suppose -5*t - i*y + y = -88, 53 = 4*t - 5*y. What is the tens digit of t?
1
Suppose 3*y = 4*g - 217, 3*y - 23 - 35 = -g. What is the tens digit of g?
5
Let r be (-8)/(-28) - (-313)/7. What is the units digit of -3 + 0 - r/(-3)?
2
Suppose -19 + 7 = -3*i. What is the units digit of (10/i)/(1/2)?
5
Let i(o) = o**3 + 11*o**2 + 9*o + 10. Let k be i(-10). Suppose -3*x + k = 8. What is the units digit of x?
4
Suppose -h + 0 = -2*k - 6, 4 = k + 3*h. Let c = k - -7. Suppose -2*z - 4*b + 4 = 0, 4*z - c*b + 20 = 54. What is the units digit of z?
6
Let r = 36 - 60. Let j = 15 - r. What is the tens digit of j?
3
Let g(h) = 2*h**2 - 9*h + 12. What is the tens digit of g(5)?
1
Suppose -5*k - 5*q + 10 = 0, 0*q = 5*k - 4*q - 28. Let x be 19/k - (-2)/8. Suppose -2*a + x + 5 = 0. What is the units digit of a?
5
Let f = -4 + 4. Let h = f + 2. Let v = h + 2. What is the units digit of v?
4
Let s(v) = 0*v**2 + 7*v + v**2 + 0 - 2. What is the units digit of s(-8)?
6
Let r = 0 - -4. Suppose u + 3 = 3*q - 3, r*u = 4*q - 8. What is the units digit of q?
2
Let p = -4 + -10. Let v = 24 + p. What is the tens digit of v?
1
Suppose -d + 33 = -2. What is the tens digit of d?
3
Let h(w) = -w - 6. Let t be h(5). Let m = t + 13. Suppose -m = 3*n - 65. What is the tens digit of n?
2
Let t(s) = 15*s**2 - 7*s + 4. What is the units digit of t(4)?
6
Suppose 7*w - 8*w = -10. Suppose -5*r + 2*p + w = -15, -3*p = 5*r. What is the units digit of r?
3
Let u(t) = -3*t + 12. What is the tens digit of u(0)?
1
Let k(o) = 3 + 5 + 4*o - 1 + o**2. Let y be k(-5). What is the units digit of (y/(-7))/((-4)/28)?
2
Let z = -1 + 1. Let t(h) = -15*h**3 - 2*h**2 - h. Let p be t(-1). Suppose 4*o - 2 - p = z. What is the units digit of o?
4
Let s(x) = -x**2 + 3*x - 2. Let k be s(2). Let j be k + -2 - (-4)/1. What is the units digit of (-1)/(2/(-10))*j?
0
Suppose 2*a - 5*a + 9 = 0. Let w be (-2)/(2/a) + 8. Suppose 33 + 2 = w*b. What is the units digit of b?
7
Suppose 11*q + 15 = 16*q. Suppose f - 2*f + 16 = 0. Suppose q*n = -n + f. What is the units digit of n?
4
Let l(o) = -2*o**3 - 10*o**2 - 11*o - 21. What is the tens digit of l(-6)?
1
Let b(v) = -8*v**3 + v**2 - 5*v - 5. What is the tens digit of b(-2)?
7
Suppose -2*j - n + 762 = 0, -3*j - 5*n = -5*j + 786. What is the tens digit of j?
8
Let l = -51 + 244. What is the units digit of l?
3
Suppose 0*t = -4*t + 264. What is the units digit of t?
6
Let n = -42 + 114. Suppose -5*f = -0*v - 2*v + 4, 5*v = -3*f + n. What is the tens digit of v?
1
Suppose 3*n + n = -5*o + 864, -3*o = -2*n + 454. What is the hundreds digit of n?
2
Let c = 4 + 3. Let t(d) = d**3 - 6*d**2 - 2*d - 10. What is the units digit of t(c)?
5
Suppose -5*p + 2025 = -6*k + 7*k, 0 = -2*p + k + 803. What is the units digit of p?
4
Suppose 5*x - 5 = 20. Let p(y) = y**3 - 4*y**2 + y - 1. What is the units digit of p(x)?
9
Suppose -3*m + 4*m + 20 = -3*w, -3*w + 2*m - 14 = 0. Let o be (4/3)/((-4)/w). Suppose -2*h - 3*b + 33 = 0, -7*h - b = -o*h - 50. What is the units digit of h?
9
Let u(l) = l + 1. Let s be u(3). Suppose -2*d + s = 5*g, 0*g = 4*g. Suppose -d*k + 3*y = 3*k - 58, 2*k - y - 23 = 0. What is the tens digit of k?
1
Let a(q) = -39*q - 24. What is the tens digit of a(-2)?
5
Let o be 126/8 + 1/4. Suppose -z + o = 3*z. Suppose 29 = z*y + 9. What is the units digit of y?
5
Let g(i) = -27*i - 1. Suppose 3*o - 3 = -2*o + 2*w, 0 = o - w - 3. What is the tens digit of g(o)?
2
Suppose 4*b = 3*u - 29, u = -3*u + 3*b + 27. Suppose -u*g - 6 = -18. What is the units digit of g?
4
Let d = 32 + -17. Suppose 2*l - 48 + d = -5*q, 9 = l + q. What is the units digit of -15*((-48)/9)/l?
0
Let o(m) = -2*m + 1. Suppose 3 = -3*j - 9. What is the units digit of o(j)?
9
What is the tens digit of -8 + 5 + 8 - -84?
8
Suppose -2*p = -p - 5*j + 11, -4 = 2*p - 4*j. Let t be -3*((-16)/(-3))/p. Let s = t - -5. What is the units digit of s?
1
Let x be (-10)/(-3)*(0 - (-9)/6). Let q = 40 + 44. Suppose -25 + q = x*s - a, -s = 5*a + 9. What is the tens digit of s?
1
Let p(y) = 12*y**2 + 3. Let c = 14 + -12. What is the tens digit of p(c)?
5
Suppose 0 = -0*w - w + 10. What is the units digit of w?
0
Suppose -6*q + 3*q - 3*f - 87 = 0, -q = -3*f + 9. What is the units digit of (-18)/4*16/q?
3
Suppose 8*i - 12*i + 48 = 0. What is the tens digit of i?
1
Let v = -33 - -62. Let q = -12 + v. What is the tens digit of q?
1
Suppose -l - m = -22, -5*m + 4*m - 86 = -3*l. What is the units digit of l?
7
Suppose -k = -4*n - 56, -4*n = 2*k - 0*k - 124. What is the tens digit of k?
6
Let u be (-2)/(-9) - 4/18. Suppose -4*l + 11 + 1 = u. Suppose 12 = 3*x + l. What is the units digit of x?
3
Suppose -29*i = -26*i - 429. What is the hundreds digit of i?
1
Let f = -48 - -87. What is the tens digit of f?
3
Let g = -15 - -68. What is the tens digit of g?
5
Suppose -5*u + 2*